-7)/(84/g)*-3. Let w = v - -1. What is the units digit of w?
1
Suppose 5*v - 2*h + 6 = 123, 5*h = -5. Let c = v - -103. What is the hundreds digit of c?
1
Suppose 2*z - 3*i = -i + 2, 4*z + 5*i = 31. Let v be (-6)/z*(1 + 37). Let o = v - -63. What is the units digit of o?
6
Let w be (-3)/3 + 8 - (-7 + 6). Suppose 13 = w*g - 3. Suppose 491 = 3*d + 5*q, -g*d - 6*q = -q - 334. What is the hundreds digit of d?
1
Suppose 0 = -12*b + 403529 + 100891. What is the hundreds digit of b?
0
Suppose -3*f = -4*w - 0*w - 7, 2*w + f = 9. Suppose -2*r = 5*o - 538, 6*o - 428 = w*o - r. What is the hundreds digit of o?
1
Suppose 618*w - 3*i + 263073 = 622*w, 0 = -4*i + 12. What is the ten thousands digit of w?
6
Let n(u) be the third derivative of -u**5/60 - 11*u**4/24 - 2*u**2. Let a be n(-10). Suppose -a*m = -15*m + 445. What is the units digit of m?
9
What is the ten thousands digit of 1/((-6)/(-616260)*10)?
1
Suppose 2*l = 4*l - 95384 - 24650. What is the hundreds digit of l?
0
Suppose 0 = -2*d + 5*i + 9, 3*d - 3*i + 4 = i. What is the units digit of d/(-16) - 803/(-2)?
2
Let b(c) = 7*c**2 - 32*c + 11. Let k be b(10). Let m = k - -8. Let h = m + -189. What is the tens digit of h?
1
Let d be (2/3)/(4 - 204/54). Suppose 3 + 44 = -3*o + 4*s, -33 = 2*o - d*s. What is the units digit of (10 - 5)*o/(-5)?
9
Let d(z) = -324*z + 16913. What is the units digit of d(0)?
3
Let n be (171/(-57))/(2946/1472 - 2). Let h = n + 3815. What is the thousands digit of h?
1
Let g be ((-30)/35)/((-1)/(-413)). Let i = g + 818. What is the tens digit of i?
6
Let m(r) be the first derivative of -4/3*r**3 + 1/2*r**2 - 2 - 1/2*r**4 + 0*r. What is the units digit of m(-4)?
0
Let n = -98229 - -145099. What is the ten thousands digit of n?
4
Let q(p) = 267*p - 2760. Let m be q(8). Let w be 2/4*(-2 - 0). What is the hundreds digit of (w/2)/(3/m)?
1
Let p be (-1*1)/(1320/189 - 7). Let q(x) = 54*x**3 + 2*x**2 + x - 2. Let v be q(-1). Let l = p + v. What is the units digit of l?
8
What is the units digit of -4 - 723652/(-32) - (-35)/(-280)?
0
Let n(x) = x. Let u(m) = 9*m + 234. Let l(i) = -2*n(i) + u(i). What is the units digit of l(0)?
4
Let b = -182 + 186. Suppose -b*w = -15*w + 15730. What is the thousands digit of w?
1
Suppose 5*k = -5*k + 150. Suppose 0 = -9*c + 6*c + k. Suppose c*l - 408 = -l. What is the units digit of l?
8
Suppose -2*q = 0, 5*c - 82 = 4*q - 367. Let j = c - -58. What is the units digit of (-42)/(-56) - (-2)/(j + 7)?
1
Let t = 18742 + -18727. Suppose 1 = -0*h + h. Suppose -8*j + t = -h. What is the units digit of j?
2
Let n be (-3)/(-4 - (143/4)/(-11)). Suppose n*w - 3*b - 2450 = 0, -w + 422 + 194 = b. What is the hundreds digit of w?
6
Suppose -3 = 3*w, 3 = 4*s + 5*w - 16. Suppose -2 = -5*x + s*x. What is the hundreds digit of (6 - (-7)/x)/((-2)/(-148))?
1
Let n be 6/(-9) + (-13)/3. Let m(u) = 48*u**2 + 10*u - 26. What is the thousands digit of m(n)?
1
Let y be (28 + 0 - 4) + 0. Let h be (-1)/(y/9 + (-5 - -2)). Suppose -12 = h*w, -j - 4*j - w = -471. What is the units digit of j?
5
Let m(j) = -7*j + 131. Let c(r) = 12*r - 131. Let l(g) = 4*c(g) + 5*m(g). What is the tens digit of l(14)?
1
Suppose 0 = 5*q - 91 + 6. Suppose -q = -10*w - 17. Suppose f + 143 - 403 = w. What is the hundreds digit of f?
2
Let l be (1/(-2))/((-2)/(-3812)). Let g = -526 - l. What is the hundreds digit of g?
4
Let g = 28 + -25. Suppose -g*f - 80 = -5*f. Let w = f + -9. What is the units digit of w?
1
Suppose -2*m = -0*m - 38. Let o = m + -14. Suppose 2*x + 21 = o*x. What is the units digit of x?
7
Suppose s = 3*p + 420, -262*s - 2*p = -257*s - 2066. What is the units digit of s?
4
Suppose 3*o = -5*s + 60875, o + 9361 + 2814 = s. Suppose s - 922 = 33*z. What is the tens digit of z?
4
Let x(t) = -1110*t - 1323. What is the thousands digit of x(-6)?
5
Let m(j) = -6*j - 38. Let y be m(-6). What is the tens digit of -12*(((-82)/8 - -2) + y)?
2
Let k(o) = -o**2 - 9*o + 2. Let n = 4 + -13. Let p be k(n). Suppose p*x - 5*x + 189 = -3*w, 0 = -x - 2*w + 69. What is the tens digit of x?
6
Suppose -45*l + 27*l + 164160 = 0. What is the units digit of l?
0
What is the thousands digit of ((-32260)/25)/(-7 + (-2965)/(-425))?
4
Let s = 114843 + -77633. What is the units digit of s?
0
Let x = 778 - 744. Let q(w) = 2*w**2 - 40*w + 69. What is the tens digit of q(x)?
2
Suppose 4*u - 3*g - 73 = 0, -5*u + 38 = -3*u - 2*g. Suppose 4*d - f = 34, -u*d + 5*f = -18*d + 28. What is the units digit of d?
9
Let g(w) = w**2 - 6*w + 13. Let s be g(4). Suppose 5*r = s*c + 25, -2*c - 9 - 5 = -4*r. Let h(d) = 45*d + 13. What is the hundreds digit of h(r)?
1
Let h be (-2 - -4)/2*29. Suppose 2*m - h = -19. Suppose c - 171 = -m*q + 3*c, -q - 4*c = -43. What is the units digit of q?
5
Suppose -9758 = -85*z + 3*z. What is the units digit of z?
9
Let j = -221 + 227. Suppose y - 851 = -4*a, -3*y = 3*a - j*a + 642. What is the hundreds digit of a?
2
Suppose 5*o + 2*h = 20, 5*o + h - 4*h = -5. Let w(g) = 53 + 3*g**o - 11*g - 71 + 0*g**2. What is the units digit of w(-5)?
2
Suppose 3*x = -t + 28071, 50*t = x + 53*t - 9365. What is the thousands digit of x?
9
What is the units digit of -122*51/((-1275)/15650)?
2
Let a = 13973 - -87. What is the ten thousands digit of a?
1
Let j = -147 - -124. Let x = j + 26. What is the hundreds digit of (-5)/(x + 4*(-70)/92)?
1
Let v(a) = -3*a**2 + 12*a - 7. Let o be v(-4). Let p = o - -165. What is the tens digit of p?
6
Suppose 9*z + 3*z + 72 = 0. Let m(k) = k**3 - 2*k**2 - 11*k + 11. Let x be m(z). Let r = 361 + x. What is the units digit of r?
0
What is the ten thousands digit of (-2294)/(-3)*33 + -15?
2
Let o(y) = -2*y + 23*y**3 - y**2 - 11*y**3 - 14*y**3 - 20 + 16*y + 2. What is the tens digit of o(-7)?
2
Let v be (-3 - (-3)/6)/((-1)/2). Suppose 4*g - g - v*u = 911, -5*g + 1507 = 3*u. Suppose 17*r = 15*r + g. What is the units digit of r?
1
What is the hundreds digit of 20980/2 + -135 + 119?
4
Let d(j) = 2*j**2 + 4 - 5*j**3 - 10*j + 9*j**2 + 4*j**3. Let x be d(10). Suppose x*t - 499 = 3*c, -5*c - 25 = -0*c. What is the hundreds digit of t?
1
Let s = 32568 + -2525. What is the thousands digit of s?
0
Suppose 196*t - 198*t + k + 85173 = 0, 0 = -4*t + 5*k + 170337. What is the thousands digit of t?
2
Let q(j) = -6*j**3 - 2*j**2 + 2*j + 12. Let w be q(-5). Suppose -2*f + 1094 = -4*p - 326, -2*p - w = f. What is the hundreds digit of p/(-3) - 6/9?
1
Let b(k) be the first derivative of 146*k**3/3 - 2*k**2 - 5*k - 120. What is the tens digit of b(-1)?
4
Suppose -6*k + 11 = -1. Suppose 2*g - 358 = -4*q, 5*q - k*g - 174 = 251. What is the units digit of q?
7
Let m(b) = -103*b**2 - 3*b + 4. Let q be m(3). Let i be -1 + q/(-44) + (-2)/11. What is the units digit of 1*-1 - (-106 - i)?
5
Suppose 3*w + k - 21450 = 0, -k = -47*w + 43*w + 28593. What is the thousands digit of w?
7
Suppose 0 = -27*t + 33*t - 24. Let r be 1*t - (-24)/(-3). What is the units digit of (490/30)/(r/6)*-2?
9
Suppose 2 = x + 5*s, 0 = 2*x - s + 3 - 7. What is the tens digit of 328 - (x + -6 + 5)?
2
Suppose -3*u + 6285 + 2936 = 4*w, 5*w - 11570 = 5*u. What is the tens digit of w?
0
Let g = 1703 + -2425. Let o = 725 + g. What is the units digit of o?
3
Suppose 2*q = -3*l + 217, -q + 5*l + 32 + 57 = 0. What is the units digit of (q/12)/13*993?
2
Suppose 0 = i - 4*o - 1, -3*i + 6*o = 9*o + 57. Let m = i - -99. What is the tens digit of 9009/m + (-3)/(-4)*1?
0
Let d = 133 - 129. Suppose d*h = -2*i + 466, 4*i - 3*i = -4*h + 231. Let f = -31 + i. What is the hundreds digit of f?
2
What is the tens digit of ((-35)/350 + (-46329)/10)/(1/(-2))?
6
Suppose -11*z = -4*z - 329. Suppose -4*w = 3*v - 144 + z, 5*v + 5 = 0. What is the tens digit of w?
2
What is the thousands digit of ((-47547)/18)/(21/(-378))?
7
What is the ten thousands digit of ((-68)/(-12))/(-17)*-95691?
3
Let i be 16/(-6)*(-6 - (-7 - -4)). Suppose 2961 = p + i*p. What is the hundreds digit of p?
3
Suppose -2*q = 3*j + 2464, -j = 3*q - 1317 + 5006. Let i = 1791 + q. What is the tens digit of i?
6
Suppose -3*l = v - 18728, 65*l - 63*l - 4*v - 12462 = 0. What is the thousands digit of l?
6
Suppose -2*b - 2*w - 8915 = -65373, -3*w - 3 = 0. What is the tens digit of b?
3
Let c = 5263 + -2327. What is the hundreds digit of c?
9
Suppose -172127*p = -172113*p - 420280. What is the units di